 Calculate the greatest common divisor of 4 and z.
1
Suppose 5*r + 25 = 5. Suppose -3*h + 12 = 0, -x + 3*h + 2*h - 19 = 0. Let q be (-56)/21*(r + x). What is the highest common divisor of q and 56?
8
Suppose -5*t + 4*t + 36 = 0. Calculate the greatest common divisor of 4 and t.
4
Suppose -5*q = 5*h - 40, -5*q + 10 = -9*h + 4*h. Suppose 2*v + h = 27. What is the greatest common factor of 84 and v?
12
Let y be (-3)/(-4 + 148/40). Calculate the highest common divisor of y and 90.
10
Let g(a) = a**3 - a**2 + 3*a + 5. Let l be g(5). Let k = 4 - 54. Let i = k - -74. What is the highest common factor of l and i?
24
Suppose -10*z - 48 = -14*z. What is the highest common factor of z and 18?
6
Let y be (-2)/10 + (-179)/5. Let k = -26 - y. Let x be 136/k + (-2)/(-5). What is the greatest common divisor of 2 and x?
2
Let i(z) = -3*z**3 - 3*z**2 + 3*z. Let r be i(-3). Let p = -25 + 34. What is the highest common factor of p and r?
9
Let f be 5 - ((-4)/2 + 4). Let y = 6 - f. Suppose -v - 2*v + 54 = -4*l, y*l = 0. What is the highest common factor of 9 and v?
9
Let f = 95 + -49. Let g = -79 + f. Let z = 83 + g. What is the highest common factor of 20 and z?
10
Let k be 75/10*88/6. What is the highest common divisor of k and 11?
11
Suppose 3*x - 2*x - 14 = 0. What is the greatest common factor of 126 and x?
14
Let j(o) = -o**2 - 7*o - 2. Let m be j(-6). Let t = m - 3. Let u be (1/2)/(t/90). What is the highest common factor of 30 and u?
15
Let o(d) = -d**3 - 7*d**2 + 7*d - 5. Let z be o(-8). Suppose l + 30 = z*l. What is the highest common factor of 165 and l?
15
Suppose 0 = -0*a - 2*a + 124. Suppose h + 14 = a. Let r be h/15*30/4. Calculate the greatest common divisor of r and 6.
6
Let t = 4 - 4. Let c(d) = d**2 - d + 2. Let r be c(t). Suppose 0*o + o - 44 = -4*g, -5*o = -g - 10. What is the greatest common factor of g and r?
2
Suppose t = -t + 12. Suppose -t - 2 = -f. Let j(b) = 13*b - 6. Let q be j(f). Calculate the highest common factor of q and 14.
14
Let k(o) = -8*o + 28. Let d be k(-10). What is the greatest common factor of d and 12?
12
Let u(r) = -r**2 + 6*r - 6. Let n be u(4). Let z be n/(-4) - 77/(-14). Let w(x) = 3*x**2 - x. Let q be w(1). What is the greatest common divisor of z and q?
1
Let h be (3/(-4))/(3/(-48)). Let l(a) = a - 9. Let b be l(h). Suppose m - 73 = -b*u - 0*m, -3*m = 4*u - 99. What is the greatest common factor of 60 and u?
12
Let p = -8 - -20. Suppose 0 = 2*j - 6, 5*z - 9 = -4*j + 18. What is the greatest common factor of z and p?
3
Let u be 0/(2 + (3 - 6)). Suppose -5*t + 2*b = -186, u = 4*t - 2*b + 5*b - 135. Suppose -2*n = 3*n - 20. Calculate the greatest common divisor of t and n.
4
Suppose u + 0 = 11. Let y(r) = -r**2 - 13*r + 2. Let i be y(-13). Let c be (-43)/(-4) - i/(-8). What is the greatest common divisor of u and c?
11
Suppose 3*n + u = n + 130, -4*n + 3*u + 240 = 0. Calculate the greatest common factor of 9 and n.
9
Let c(j) = 51*j**2 - 5*j - 4. Let x be c(-1). Let q(n) = -2*n + 1. Let s be q(-2). Suppose 0 = s*z - z - 52. Calculate the greatest common factor of x and z.
13
Let r(p) = 1 + 6*p**2 + 5 + 14*p - p**3 - 12*p. Let w be r(6). What is the greatest common factor of 18 and w?
18
Suppose -4 = 5*m - 3*f, f + f - 8 = -2*m. What is the highest common divisor of m and 1?
1
Suppose 20 = -4*f + 28. Let w(p) = p**2 - 5*p + 4. Let r be w(6). Suppose -f*l - r = -3*l. Calculate the greatest common divisor of 10 and l.
10
Let k(r) = -34*r + 12. Let m be k(-5). Calculate the highest common divisor of m and 52.
26
Suppose 4*h - 1152 = -2*h. What is the highest common factor of 24 and h?
24
Let z = -4 + 125. What is the greatest common factor of 11 and z?
11
Let r(d) = -d - 1. Let u be r(3). Let s be 258 + u - (-1 + 0). Suppose -2*i + c + 101 = -0*c, 5*i = 5*c + s. What is the highest common divisor of i and 10?
10
Let o(l) = l**2 - l. Let j be o(2). Let x be 77 + j*(-4 - -3). What is the highest common divisor of x and 30?
15
Suppose 203 + 277 = 6*x. Let a = x + -48. Suppose 2*z - 8 = -0*z. Calculate the highest common factor of a and z.
4
Let p = 7 + -4. Suppose -p = -4*u + 1. Let b = 0 + u. What is the greatest common factor of b and 5?
1
Suppose -4*i + 47 = -5. Calculate the greatest common factor of i and 104.
13
Let d(g) = 2*g**2 - g. Let z be d(-10). Calculate the greatest common factor of z and 30.
30
Let z(w) = w + 14. Let k be z(16). Calculate the greatest common divisor of 240 and k.
30
Suppose 17 = h - 4*v, -4*h = -5*v - 51 - 17. Let t = 6 + -4. Suppose -5*z - 112 - 87 = -2*p, t*z + 304 = 3*p. Calculate the highest common divisor of h and p.
17
Let s(d) = -2*d + 8. Let f be s(6). Let z(k) = -3*k + 2. Let m be z(f). Calculate the highest common factor of 56 and m.
14
Let l = 34 - -4. Calculate the greatest common factor of 95 and l.
19
Let o be (-4)/(-14) - (-498)/21. Let c be (-4)/(17/(-5) - -3). Suppose 4*x = 2*y - c, 3*x + 6 = 3. Calculate the greatest common factor of o and y.
3
Suppose -4*z + 5*h = -99, -2*z = -7*z + 4*h + 117. What is the highest common divisor of z and 105?
21
Suppose -7*n + 6 = -5*n. What is the highest common divisor of n and 6?
3
Let h(m) = 0 - 2 + 7*m + 4 - 5. Let y be h(2). What is the highest common factor of 33 and y?
11
Let k(j) = 2*j**2 - 23*j + 34. Let x be k(14). What is the highest common factor of x and 13?
13
Let b be 0 + (0 - (-2 + 1)). Let h(g) = g**3 - 3*g**2 - 9*g + 2. Let d be h(5). Calculate the greatest common divisor of d and b.
1
Let x(j) = -j**3 - 3*j**2 - j - 1. Let y be x(-5). Calculate the greatest common factor of 27 and y.
27
Let p(q) = -q**2 - 4*q + 11. Let a be p(0). Calculate the greatest common divisor of 88 and a.
11
Suppose -5*w = -q - q + 139, 0 = 5*q - 5*w - 310. What is the highest common factor of q and 38?
19
Let g = -7 - -1. Let z be (-4)/(-6)*(0 - g). Let y = -13 - -41. Calculate the highest common factor of y and z.
4
Let o(l) = l**3 - 5*l**2 - 4. Let d be o(6). Suppose 3*u + 1 = 13. What is the greatest common divisor of u and d?
4
Let l be (9/(-5))/(9/(-30)). Let t be (3 - -1 - 3) + l. Calculate the highest common divisor of t and 63.
7
Let z = -34 + 59. Calculate the highest common divisor of 5 and z.
5
Suppose 4*o = -4*z - 24 - 36, 2*z - 5 = 5*o. Let r be (4/z)/(1/(-15)). Let w be ((-2)/4)/((-6)/288). Calculate the greatest common factor of r and w.
6
Let i be 8/(-6)*(-405)/6. Let p be 0 + (-2)/1 + 4. Suppose 0 = -p*o - 3*o + 50. Calculate the greatest common factor of i and o.
10
Let i(f) = -f**3 + 12*f**2 + 5*f + 5. Let a be i(12). Suppose b - 160 = 5*b. Let d = b - -66. Calculate the highest common divisor of d and a.
13
Let l = 0 - 0. Suppose -c + 2 = 2*n, c - 5*n = -c + 13. Suppose l = -c*w - 4*x, 3*w + x = -3*x - 4. Calculate the greatest common factor of 36 and w.
4
Let g be 16*(-4)/((-32)/2). Calculate the highest common divisor of g and 28.
4
Let h(j) = 175*j**2 + j. Let d be h(1). What is the greatest common divisor of 16 and d?
16
Let y be ((-3)/(-6))/((-1)/12). Let v(m) = -5*m**3 + 2*m**2 - 1. Let l be v(1). Let h be (-22)/4*(y - l). What is the greatest common factor of h and 110?
11
Suppose 1 - 4 = o. Let c(a) = -a**3 - a**2 - 4. Let v be c(o). Suppose 5*r = -2*r + 98. Calculate the greatest common divisor of v and r.
14
Let t = 38 - 23. Calculate the highest common factor of t and 75.
15
Suppose -3*p = -2*p - 207. Suppose -9*f + f = -184. What is the highest common factor of p and f?
23
Let f = -6 + 36. Suppose 2*c + 3*s = 12, 2*c - 1 = -2*s + 7. Suppose c*r = -2*r + 20. Calculate the highest common divisor of f and r.
10
Let v be 18*(0 - 12/(-9)). Suppose -66 = -t + v. Calculate the highest common factor of 10 and t.
10
Suppose -p - 170 = -5*q, 2*q - 2*p - 81 = p. Let f(t) = 2*t + 3. Let s be f(4). Calculate the highest common factor of q and s.
11
Suppose 6*z = 9*z - 276. Calculate the greatest common divisor of z and 23.
23
Let l be ((-99)/36)/((-2)/8). Let c be 4/16 + 43/4. Calculate the highest common factor of l and c.
11
Let f(w) = -6*w + 9. Let j be f(-4). Calculate the greatest common divisor of 22 and j.
11
Let c(y) = y**2 + 2*y - 9. Let n be c(4). Let p = 81 + -51. What is the highest common factor of p and n?
15
Suppose -4 + 1 = -n. Suppose -n*h = -5*h + 10. Suppose h*j - 18 = 2*j. What is the greatest common di